553139
Convert 4041030 (base 5) to base 7.
360625
2414310 (base 8) to base 9
1217616
100033 (base 4) to base 8
2017
Convert 4204134 (base 5) to base 11.
48075
What is 25101454 (base 6) in base 5?
201120242
What is -42088 (base 9) in base 12?
-140b2
2120222212211 (base 3) to base 5
323041344
Convert 7aeb1 (base 16) to base 7.
4164565
Convert 3751044 (base 10) to base 8.
16236204
Convert -331101 (base 9) to base 10.
-197641
Convert -15636245 (base 9) to base 6.
-435325452
Convert -3223111103 (base 5) to base 3.
-110212220012210
Convert -827b39 (base 12) to base 4.
-13303132131
Convert -1989ee (base 16) to base 14.
-317d4a
What is -718367 (base 11) in base 4?
-10121200322
Convert -254c27 (base 15) to base 5.
-424204422
-2281145 (base 12) to base 9
-13435768
What is -68399 (base 14) in base 4?
-331303303
What is -2533a14 (base 13) in base 8?
-54210140
Convert 1110111000110101001 (base 2) to base 4.
1313012221
Convert 3a49589 (base 11) to base 13.
15ac707
Convert -40254072 (base 8) to base 12.
-2a09622
What is 2320b4 (base 15) in base 7?
20154541
-82ab50 (base 15) to base 8
-27545706
What is -22155030 (base 7) in base 12?
-783030
Convert 306483 (base 14) to base 5.
404141320
Convert -2001310103 (base 5) to base 4.
-32333323333
Convert 11122000 (base 4) to base 13.
a105
22a611 (base 11) to base 4
1121031320
Convert 30654510 (base 7) to base 14.
4b4140
2577744 (base 8) to base 9
1317754
6bacc (base 16) to base 11
2813a2
bc631a (base 13) to base 2
10000111100001001011011
What is -2388127 (base 9) in base 5?
-313022310
What is 1315640 (base 7) in base 5?
21010013
What is 231220113 (base 4) in base 3?
100111101100
Convert 42263 (base 7) to base 16.
28c1
What is 110565215 (base 7) in base 3?
110120211001022
What is 111101101010 (base 2) in base 15?
1281
What is 1000010010011000101001001 (base 2) in base 9?
35628360
Convert 10201203 (base 7) to base 9.
1546360
1100100011010110011 (base 2) to base 12
17a043
What is -111010000000111000010 (base 2) in base 16?
-1d01c2
Convert 29782 (base 11) to base 7.
234012
What is 17f59 (base 16) in base 4?
113331121
What is -51441 (base 8) in base 15?
-648b
What is -411b7f (base 16) in base 9?
-8023046
1155202140 (base 6) to base 10
13406316
What is -403432 (base 6) in base 8?
-76254
Convert 21122002010 (base 3) to base 12.
72b33
Convert -101302 (base 10) to base 12.
-4a75a
What is 10120302303 (base 4) in base 14?
21d203
What is 14aa30 (base 13) in base 4?
1330110310
12310123 (base 5) to base 16
1d275
Convert 207233 (base 8) to base 2.
10000111010011011
5570424 (base 9) to base 11
1768a92
What is 2368aa0 (base 12) in base 8?
32123030
592a870 (base 11) to base 5
10122212101
Convert 43436661 (base 7) to base 9.
7005256
Convert 3756 (base 12) to base 2.
1100001110010
12624611 (base 7) to base 5
244304114
Convert -20023122 (base 4) to base 10.
-33498
What is -3727615 (base 8) in base 16?
-faf8d
Convert 3006004 (base 7) to base 6.
11335321
Convert 6d102b (base 15) to base 7.
62231135
What is 10000010101000001000110 (base 2) in base 3?
22001110120222
Convert 601371 (base 13) to base 16.
22091a
Convert -13312203023 (base 5) to base 14.
-2363836
-11101001011001100000001 (base 2) to base 14
-103125b
-13315 (base 13) to base 8
-105535
Convert -100210101111 (base 3) to base 8.
-570343
What is 121022220211221 (base 3) in base 13?
1a4b2b4
What is 1000020300 (base 4) in base 12?
108040
What is 34234132 (base 5) in base 9?
515111
Convert -24a647 (base 13) to base 9.
-1580856
-2160035 (base 7) to base 13
-9441b
-10636136 (base 10) to base 9
-22011028
-54651124 (base 7) to base 12
-16a8994
Convert 58ab4 (base 12) to base 4.
131010220
What is -10002112010112 (base 3) in base 2?
-110010001010111010110
What is -3883e (base 16) in base 13?
-81498
What is 4561257 (base 9) in base 13?
682402
What is 23a1ba (base 15) in base 3?
10012121111211
-2551506 (base 8) to base 14
-14678a
Convert -811376 (base 14) to base 15.
-5ac399
Convert -33857 (base 12) to base 15.
-154e1
Convert 41687 (base 10) to base 9.
63158
Convert -168470 (base 9) to base 15.
-21009
What is 4410412 (base 5) in base 15?
1768c
Convert -103141246 (base 7) to base 9.
-12504761
Convert -15347 (base 11) to base 4.
-11103032
Convert 13323433 (base 5) to base 6.
2530102
What is 2592d (base 14) in base 3?
11200200122
What is -31c1b (base 14) in base 15?
-259e9
Convert -1243403223 (base 5) to base 7.
-35256254
What is 13010444 (base 5) in base 8?
365465
Convert -1003155 (base 9) to base 8.
-2022377
What is 35125455 (base 6) in base 11?
680a65
-5348 (base 13) to base 2
-10110100100000
What is 213553115 (base 6) in base 7?
44341106
561500 (base 7) to base 14
28137
-136a4b (base 12) to base 16
-4ed5b
-16b31 (base 12) to base 7
-164260
What is 10664003 (base 7) in base 2?
11100101100010000110
Convert -5374785 (base 9) to base 2.
-1011000000000011111111
Convert -812453 (base 9) to base 14.
-c72d9
3c91a7 (base 13) to base 10
1476690
3220203 (base 4) to base 6
152523
120101000222 (base 3) to base 13
a793c
Convert -11111111011001110100 (base 2) to base 12.
-425498
Convert -201514 (base 8) to base 5.
-4111010
2145136 (base 8) to base 9
1067224
100101011110000011 (base 2) to base 13
54b1a
What is 15862 (base 15) in base 10?
69392
What is -560515 (base 9) in base 16?
-51cb6
-111101000101100 (base 2) to base 8
-75054
Convert 1c03a3 (base 13) to base 11.
448a36
Convert -402622 (base 8) to base 12.
-64816
Convert 26542271 (base 8) to base 13.
13037a9
14a030 (base 11) to base 3
102211120002
-b5349c (base 14) to base 16
-5d57b2
-1c2795 (base 13) to base 10
-719724
Convert 44003034 (base 6) to base 10.
1307038
-114503524 (base 6) to base 14
-40c87a
Convert -14a131c (base 13) to base 4.
-121023122000
What is -1231223211 (base 4) in base 7?
-3550530
Convert 60405505 (base 7) to base 8.
23072023
Convert -210012220121 (base 3) to base 6.
-12541324
What is 133440555 (base 6) in base 9?
5058058
What is -212121221221 (base 3) in base 11?
-298464
3207b (base 13) to base 2
10110000001000011
What is 32b5ba (base 13) in base 16?
124086
What is -322131240 (base 5) in base 16?
-14d25a
Convert -a8014 (base 13) to base 3.
-120101220202
Convert 52d43 (base 15) to base 9.
440520
What is 49d04 (base 15) in base 5?
30021204
What is 3476f (base 16) in base 6?
4334515
What is -1723a71 (base 13) in base 2?
-11100100100111100011011
11011001110010011110 (base 2) to base 12
3702a6
What is 2a87c (base 15) in base 13?
4a421
Convert 4468 (base 9) to base 16.
ce6
c228ae (base 15) to base 16
8cb940
Convert 140540 (base 10) to base 7.
1123511
764034 (base 8) to base 5
31143103
3822523 (base 9) to base 13
57b6b5
What is 3621521 (base 10) in base 12?
1267955
a1a85 (base 11) to base 5
14232134
What is 10001000011000110010 (base 2) in base 8?
2103062
Convert 523503040 (base 6) to base 10.
9137472
Convert -668420 (base 10) to base 2.
-10100011001100000100
2403315 (base 6) to base 13
44c96
Convert 68a3a7 (base 11) to base 14.
207c12
100224422 (base 5) to base 2
1100001010110010001
Convert -9946 (base 15) to base 13.
-11a15
Convert 42d29 (base 16) to base 14.
71a65
Convert 331130322 (base 4) to base 10.
251706
42054155 (base 8) to base 11
5053442
Convert -5b4a6 (base 15) to base 10.
-291306
22060530 (base 7) to base 2
111001111001001100000
Convert 949930 (base 10) to base 6.
32205454
What is -2081a (base 15) in base 12?
-4b797
What is 10526306 (base 10) in base 5?
10143320211
Convert 1013101322 (base 4) to base 2.
1000111010001111010
What is 5013212 (base 6) in base 8?
713450
What is 312c64 (base 14) in base 2?
110010101001110101000
What is 102330213 (base 4) in base 12?
38ab3
Convert 1624871 (base 12) to base 13.
c27358
What is 10111011110001111 (base 2) in base 13?
349b8
5724302 (base 8) to base 14
2c50c2
What is 26000 (base 15) in base 14?
323c8
-1119168 (base 10) to base 15
-171913
-311465 (base 7) to base 2
-1101000010100000
-4444410241 (base 5) to base 9
-20330525
10310430 (base 5) to base 9
144034
What is 30314 (base 9) in base 12?
b657
What is -1021212021020 (base 3) in base 11?
-4295a4
What is -346c (base 13) in base 15?
-22a7
What is -36470a (base 16) in base 13?
-977115
Convert 1724475 (base 8) to base 11.
313244
Convert -10010100111111111100001 (base 2) to base 4.
-102213333201
Convert 12443023 (base 5) to base 8.
363533
14